f 272891682?
1
What is the tens digit of 95396374?
7
What is the ten millions digit of 274709984?
7
What is the ten millions digit of 102267138?
0
What is the tens digit of 377986119?
1
What is the millions digit of 282991227?
2
What is the ten thousands digit of 276700372?
0
What is the millions digit of 710610038?
0
What is the hundred millions digit of 111614383?
1
What is the ten millions digit of 490315360?
9
What is the thousands digit of 2622272769?
2
What is the ten millions digit of 591481050?
9
What is the hundred thousands digit of 2251528918?
5
What is the hundred thousands digit of 16638933?
6
What is the hundred millions digit of 119908433?
1
What is the millions digit of 475110413?
5
What is the tens digit of 85760792?
9
What is the units digit of 12563850?
0
What is the ten millions digit of 98439249?
9
What is the ten millions digit of 3394711744?
9
What is the ten millions digit of 1707556525?
0
What is the hundreds digit of 23163257?
2
What is the millions digit of 177015114?
7
What is the tens digit of 1954930779?
7
What is the billions digit of 3337031377?
3
What is the ten thousands digit of 58400902?
0
What is the millions digit of 53495617?
3
What is the hundred millions digit of 188913420?
1
What is the ten millions digit of 290616925?
9
What is the ten millions digit of 566743566?
6
What is the hundred millions digit of 1337380789?
3
What is the hundred millions digit of 1243346194?
2
What is the hundreds digit of 539189434?
4
What is the ten thousands digit of 866521215?
2
What is the hundred millions digit of 871970945?
8
What is the ten millions digit of 2113308569?
1
What is the tens digit of 111990106?
0
What is the ten millions digit of 93881973?
9
What is the tens digit of 59625155?
5
What is the hundred millions digit of 532788940?
5
What is the hundred millions digit of 394236265?
3
What is the thousands digit of 207168362?
8
What is the thousands digit of 765785519?
5
What is the tens digit of 106588943?
4
What is the tens digit of 131999499?
9
What is the hundred millions digit of 2122231577?
1
What is the thousands digit of 394683861?
3
What is the hundred thousands digit of 600129010?
1
What is the hundreds digit of 453798225?
2
What is the hundred millions digit of 2040250248?
0
What is the units digit of 116725381?
1
What is the tens digit of 994077482?
8
What is the units digit of 652678114?
4
What is the millions digit of 1010476879?
0
What is the hundreds digit of 5153597502?
5
What is the hundreds digit of 4107470367?
3
What is the tens digit of 1839516701?
0
What is the thousands digit of 853047682?
7
What is the ten millions digit of 1925706601?
2
What is the hundred thousands digit of 915260626?
2
What is the units digit of 52486072?
2
What is the hundreds digit of 40763810?
8
What is the thousands digit of 45471683?
1
What is the ten thousands digit of 2645228631?
2
What is the units digit of 2178306403?
3
What is the hundred thousands digit of 19722751?
7
What is the units digit of 36224350?
0
What is the ten millions digit of 125375629?
2
What is the hundred thousands digit of 520516466?
5
What is the ten thousands digit of 488090624?
9
What is the hundreds digit of 639222886?
8
What is the tens digit of 130509342?
4
What is the hundreds digit of 1858117407?
4
What is the millions digit of 489195962?
9
What is the millions digit of 132660855?
2
What is the millions digit of 18240539?
8
What is the hundred thousands digit of 350837062?
8
What is the units digit of 725505013?
3
What is the units digit of 4729448429?
9
What is the ten millions digit of 2477590576?
7
What is the hundred thousands digit of 71265323?
2
What is the millions digit of 264385315?
4
What is the units digit of 17567585?
5
What is the thousands digit of 675522334?
2
What is the millions digit of 519008385?
9
What is the ten millions digit of 234761867?
3
What is the ten thousands digit of 2073953667?
5
What is the hundreds digit of 67901513?
5
What is the tens digit of 354426342?
4
What is the hundreds digit of 15436616?
6
What is the ten thousands digit of 111573181?
7
What is the tens digit of 863062397?
9
What is the thousands digit of 3595314057?
4
What is the ten thousands digit of 1103298503?
9
What is the ten millions digit of 53913398?
5
What is the hundreds digit of 6016034109?
1
What is the ten millions digit of 658765714?
5
What is the hundred thousands digit of 326136816?
1
What is the millions digit of 74709243?
4
What is the units digit of 685323440?
0
What is the hundred millions digit of 120951285?
1
What is the hundred millions digit of 128278969?
1
What is the millions digit of 51332993?
1
What is the hundred thousands digit of 3210249166?
2
What is the thousands digit of 5178167850?
7
What is the tens digit of 517317373?
7
What is the hundred thousands digit of 233324736?
3
What is the hundred millions digit of 310847781?
3
What is the hundreds digit of 486067740?
7
What is the tens digit of 2751782?
8
What is the ten thousands digit of 515438580?
3
What is the hundred millions digit of 1171749248?
1
What is the millions digit of 308663515?
8
What is the billions digit of 2800992419?
2
What is the thousands digit of 151277995?
7
What is the ten thousands digit of 118016880?
1
What is the hundreds digit of 4089079?
0
What is the hundred millions digit of 131420224?
1
What is the millions digit of 4685475208?
5
What is the ten thousands digit of 1426858502?
5
What is the hundreds digit of 8357974?
9
What is the hundred thousands digit of 5631763544?
7
What is the hundred thousands digit of 302339308?
3
What is the ten thousands digit of 414159600?
5
What is the tens digit of 48391627?
2
What is the tens digit of 432703035?
3
What is the units digit of 789538095?
5
What is the hundreds digit of 2916539896?
8
What is the ten millions digit of 262020801?
6
What is the ten thousands digit of 7734980354?
8
What is the hundred millions digit of 316780835?
3
What is the ten millions digit of 3183344830?
8
What is the millions digit of 268873283?
8
What is the hundred thousands digit of 96157937?
1
What is the units digit of 395795339?
9
What is the hundreds digit of 1704465711?
7
What is the tens digit of 4394126585?
8
What is the hundred millions digit of 2907546914?
9
What is the hundred millions digit of 909456638?
9
What is the tens digit of 103058814?
1
What is the hundred millions digit of 272799304?
2
What is the units digit of 72607881?
1
What is the hundred millions digit of 876866706?
8
What is the hundreds digit of 5485199956?
9
What is the ten millions digit of 300243540?
0
What is the ten millions digit of 26860438?
2
What is the hundred millions digit of 151578378?
1
What is the hundred thousands digit of 45960957?
9
What is the thousands digit of 2312479832?
9
What is the ten thousands digit of 35108373?
0
What is the millions digit of 16182546?
6
What is the millions digit of 145956900?
5
What is the thousands digit of 114440670?
0
What is the millions digit of 1744563193?
4
What is the thousands digit of 2371195116?
5
What is the hundred millions digit of 4431603949?
4
What is the hundreds digit of 725363010?
0
What is the millions digit of 39273182?
9
What is the ten thousands digit of 4521956852?
5
What is the hundred thousands digit of 274247815?
2
What is the hundred millions digit of 4550335350?
5
What is the tens digit of 8507416030?
3
What is the thousands digit of 645353067?
3
What is the hundreds digit of 109883799?
7
What is the hundreds digit of 43506386?
3
What is the millions digit of 60905717?
0
What is the hundred thousands digit of 153324647?
3
What is the thousands digit of 107469445?
9
What is the units digit of 337361367?
7
What is the hundred millions digit of 186610880?
1
What is the millions digit of 156546829?
6
What is the millions digit of 93673974?
3
What is the hundred thousands digit of 112025847?
0
What is the ten millions digit of 891306369?
9
What is the units digit of 42033568?
8
What is the hundreds digit of 795535474?
4
What is the ten millions digit of 141574746?
4
What is the ten millions digit of 133025143?
3
What is the units digit of 210844457?
7
What is the hundreds digit of 3389162?
1
What is the ten millions digit of 73769376?
7
What is the hundred t